57 + 453. Let m(o) = o**3 + 4*o**2 + 1. What is m(c)?
1
Let m(g) = -g**2 - 6*g + 12. Let b = -9 + 15. Let z(v) = -1. Let i = -4 - -5. Let o(a) = b*z(a) + i*m(a). Give o(-5).
11
Suppose 27*o - 30*o = -2*f - 11, -4*o = 5*f - 7. Let g(j) = -j**3 + j**2 - 2*j + 1. Determine g(o).
-23
Let u(a) be the third derivative of a**5/60 - a**4/8 - a**3/6 - a**2. Suppose h + 9 - 7 = 0. Let o = 3 - h. What is u(o)?
9
Let p(c) = -2*c**3 - 10*c**2 - 9*c + 15. Let s(l) = 5*l**3 + 29*l**2 + 27*l - 44. Let a(z) = 8*p(z) + 3*s(z). What is a(8)?
-4
Let y be (0 + (-15)/(-72))*2/10. Let v(w) be the third derivative of -y*w**4 + 0 + 5*w**2 - 5/6*w**3 + 0*w + 1/60*w**5. Give v(4).
7
Let w(i) = -i**3 - 8*i**2 - 7*i - 6. Let c(s) = -s**2 + 11*s - 5. Let g be c(9). Let f be (-4)/(-1) - (-2 + g). Determine w(f).
-6
Let x = 247 + -245. Let n(o) be the second derivative of 0 - 1/3*o**3 + 2*o - 1/12*o**4 + 7/2*o**x. Give n(-5).
-8
Let y = 869 + -866. Let s(g) = 2*g - 1 - 3*g - 3*g**3 - 4*g - 6*g**2. Let c(a) = -2*a**3 - 5*a**2 - 4*a - 1. Let u(n) = y*s(n) - 4*c(n). What is u(3)?
-5
Let a(o) = -2*o**3 - 2*o**2 - 2. Let x(z) = 2*z**2 - 4. Let n(r) = 3*r**2 - 5. Let u(d) = -5*n(d) + 6*x(d). Let m be u(1). Calculate a(m).
6
Let x be (3 + -1 - 21) + -2. Let v = x - -14. Let y(j) = -2*j - 3. Determine y(v).
11
Let b(w) = -9*w + 14. Let k(y) = y. Let r(p) = b(p) + 6*k(p). Calculate r(11).
-19
Let u(v) = -22*v**2 - 22*v**2 - 2 + 3 - 10*v + 46*v**2 + 5*v**3 + 12*v. What is u(-1)?
-4
Let u(b) = b**2 + 7*b + 4. Let k(t) = -t + 3. Let d be k(-2). Suppose q - d*q + 12 = 0. Suppose 4*p + 14 = -2*i, 7*p = 2*p - q*i - 16. Give u(p).
-6
Let k be (-1 + -26)*15/(-45). Let x(p) = -p + 18. Determine x(k).
9
Let y be (0 + 0)/(3 + -4). Let g(i) be the second derivative of i**4/12 + i**3/6 + i**2 + 20*i. What is g(y)?
2
Suppose -4*a = -4*z + 56, -2*a - a = 4*z + 7. Let b be (-6)/(-4) + a/18. Let c(m) = -10*m + 1. Calculate c(b).
-9
Let q(p) = 8*p**2 - 3 - 6*p**2 - 79*p**3 - 4*p + 78*p**3 - 4*p**2. Calculate q(-2).
5
Let c(z) = -2*z**2 + 2*z + 3. Let u(b) = 5*b + 24. Let t be u(-6). Let s = 4 + t. What is c(s)?
-9
Suppose -56*b = -66*b - 40. Let h(z) = -2*z**2 - 8*z - 1. Calculate h(b).
-1
Let q be 60/18 + 2/(-6). Let k(c) = 6 - 4*c + c**2 - 1 + 5 - 8. What is k(q)?
-1
Let c(q) = -5*q + 1. Let v(t) = -t**3 - 4*t**2 + 6*t - 3. Let x be v(-5). Let f(s) = -14*s + 3. Let g(y) = x*c(y) + 3*f(y). Let z = 4 + -9. Calculate g(z).
11
Let u = 983 - 980. Let v(f) = -6*f - 3. Determine v(u).
-21
Suppose 0 = 2*f - 5*f. Suppose 4*l - 9 - 3 = f. Let o(h) = 2*h**3 - 3*h**3 - 1 + h**l - 2*h**3. Give o(-1).
1
Suppose -10 = 2*o + 7*y - 5*y, o - 5*y = -11. Let g(f) = 4*f + 10. Let x(d) = 3*d + 11. Let p be -2*2*3/4. Let u(a) = p*x(a) + 2*g(a). Give u(o).
-7
Let q(c) be the first derivative of c**3/3 + 3*c**2 - 2*c + 16. Suppose 2*y + 25 = -2*y - s, -25 = 2*y + 3*s. Determine q(y).
-7
Let k(x) = x + 11. Let n(q) = q**2 + 14*q - 8. Let s be n(-14). Let z be k(s). Let u = -5 - z. Let f(j) = j**3 + 8*j**2 - j - 6. Determine f(u).
2
Let h(u) = 3*u + 4. Let b(m) = 2*m**2 + 25*m - 8. Suppose 5*f = -44 - 21. Let j be b(f). What is h(j)?
19
Let f(l) = 1 - 2*l**2 + 17*l - 13*l + l**2. Suppose 0 = -p + 5*h - 5, 0 = -3*p - 2*h - 8 - 7. Let n = p + 10. What is f(n)?
-4
Let w be (54/(-30))/(2 + 68/(-40)). Let j(l) be the first derivative of l**4/4 + 8*l**3/3 + 4*l**2 - 5*l - 7. Determine j(w).
19
Let o(a) = 3588*a - 4 - 3581*a + 10. Determine o(-4).
-22
Let f(d) = d**3 - d**2 - 1. Let k = 18 - 17. Let g(j) = -3*j**2 - 2*j - 4. Let a(t) = k*g(t) - 3*f(t). What is a(-1)?
4
Let h(u) = 7*u**3 + 4*u**2 - 4*u**2 + u**2 + 10*u**3. Calculate h(-1).
-16
Let z(m) = -m**3 - 2. Suppose -2*k - 2*k + 9 = -t, k + 5*t + 3 = 0. Suppose -f + 2*f + 5*g = -27, k*f - 5*g - 21 = 0. Determine z(f).
6
Let l(c) be the second derivative of c**5/60 - c**4/4 - 7*c**3/6 + 25*c**2/2 + 9*c. Let p(w) be the first derivative of l(w). Calculate p(7).
0
Let n = -62 + 75. Suppose 2*y + 23 - n = 0. Let k(o) = -2*o + 2. What is k(y)?
12
Suppose -33*s + 31*s = -10. Let u(y) be the first derivative of -y**4/4 + 4*y**3/3 + 3*y**2 - y + 9. Determine u(s).
4
Suppose 4*o - 17 = -129. Let l = o - -32. Let z(m) = -4*m - 2. Determine z(l).
-18
Suppose -5*s + 2 = -13. Let x(l) = -4*l**3 + 4*l**2 - 2*l + 3*l**3 - l**2 + s. Let a(n) = -n**3 - n**2 - 2. Let w be a(-2). Give x(w).
3
Suppose 5*q + 5*s - 60 = 0, 4*q + 0*s = 2*s + 36. Let b(x) = 13 - 6 + x**2 - 12*x + 7*x + 8 - 7*x. Determine b(q).
-5
Suppose 0 = x - 3*o + 11, 0*x = -2*x - o + 13. Suppose -5*n - 4*c = 2, x + 4 = n - 2*c. Let h(y) = y**3 - 5 + 0*y**2 + 2*y + 6*y**n - y. What is h(-6)?
-11
Let i(l) be the third derivative of -l**4/24 + 3*l**2. Let u(y) = -y**3 + 33*y**2 + y - 32. Let x be u(33). Give i(x).
-1
Let b(j) = j + 13. Suppose -2*h = -6*p + 2*p + 2, 5*h - 9 = 3*p. Suppose 5*g = -w, 0*g = -5*w + p*g. What is b(w)?
13
Let h be (-1)/(-2) - (-7)/2. Let d(b) = -3 + h - 3*b + 0. Let i = 619 + -622. Calculate d(i).
10
Let u(n) = 38*n**3 + n**2 + n. Let a be (-44)/36 + 5*(-8)/(-180). Determine u(a).
-38
Let b(w) be the third derivative of w**5/60 - w**4/24 - w**3/6 - 90*w**2. Give b(-1).
1
Let w(g) = -2*g**3 + 27*g**2 + 6*g - 17. Let b(u) = u**3 - 12*u**2 - 3*u + 8. Let i(j) = -7*b(j) - 3*w(j). Give i(4).
-9
Let u = -33 + 40. Suppose 3*i + r = u*i, -5*i + 7 = -3*r. Let o(v) = -8 + 7 - v + 14*v**3 + v. What is o(i)?
-15
Let p(h) = -h**3 - h**2 - h - 1. Suppose -194 = 8*m - 178. What is p(m)?
5
Let d = 99 - 92. Let i(t) be the second derivative of t**4/12 - 7*t**3/6 - t**2 + 2*t. Calculate i(d).
-2
Let o be (650/(-84))/(-13) - (-21)/(-49). Let a(m) be the second derivative of 4*m - o*m**3 + 1/4*m**4 + 0 + 0*m**2. Give a(1).
2
Let j(q) = -q**3 + 6*q**2 - 6*q + 6. Let t(k) = -k - 1. Let c be t(-17). Suppose c = 4*n - 4*f, -4 = -4*f - 0. Give j(n).
1
Let w be (84 + -36)*(0 - (-2)/8). Let d(o) = -o**3 + 12*o**2 + 2*o - 13. Determine d(w).
11
Let b = -25 - -27. Let w(p) = -p**2 - p**b + 8*p - 7 + 4*p**2 - 3*p**2. Calculate w(5).
8
Let q(s) = s - 6. Let k be (-153)/(-6)*(28/6)/7. Suppose -3 - k = 4*i. What is q(i)?
-11
Let z(u) = -5*u - 1. Let i(w) = -w. Let s(h) = -6*i(h) + z(h). Suppose x + 0*x = 5*v - 5, -4 = -5*x - 4*v. Determine s(x).
-1
Let d(m) = m**2 - 6*m + 3. Let p = -2005 - -2007. Calculate d(p).
-5
Let x(u) be the first derivative of -9*u**2/2 + u - 98. Let p = 1 - -1. Let z(s) = s - 3. Let g be z(p). What is x(g)?
10
Let n(x) = x - 5. Let r(h) be the third derivative of -h**4/24 + 5*h**3/6 - 15*h**2. Let l(p) = 3*n(p) + 4*r(p). Calculate l(8).
-3
Let q(i) = -3*i**2 - 24*i - 13. Let l be q(-7). Let n(g) = -g**2 + 4*g + 9 + 3*g + 2. Let a be n(l). Let z(m) = 2*m**2 - 2*m - 4. Give z(a).
8
Let v(s) = -s + 6. Let z(o) = o**3 + 8*o**2 + 3*o + 18. Let w be z(-8). Let r = 1 - w. Determine v(r).
-1
Let c(x) be the first derivative of 3*x**2/2 + 2*x - 11. Suppose -5*y = -7 - 3. Calculate c(y).
8
Let c(m) = m**2 + 2*m - 4. Suppose 9*t - 4*t - 17 = 2*p, 0 = 3*t + p - 8. Let o = -6 + t. Let h be (-8)/2*o/4. What is c(h)?
11
Let l(y) = -y. Let i(w) = 5. Let h(a) = i(a) - l(a). Let t(d) = d + 3. Let s be t(-3). Suppose s = -g + 4*o + 10, 0 = 3*g + 4*o + 12 + 22. Calculate h(g).
-1
Let g(p) = -p**3 - p**2 + 6*p - 6. Let d be g(2). Let o(j) = j + 9. Determine o(d).
3
Let f(n) = n**3 - n + 1. Let t be (14/(-35) + (-14)/(-60))*-6. Give f(t).
1
Let i = 207 + -207. Let y(a) = a + 12. Calculate y(i).
12
Suppose 16*s - 10 = 11*s. Let b(k) be the first derivative of s*k**3 - 1/4*k**4 - 9*k + 7 + k**2. What is b(6)?
3
Let g(z) = z**3 + 6*z**2 + 7*z + 6. Let y be 4 + 1 + 4 + -4. Suppose 70 = y*w - 120. Let a = 33 - w. What is g(a)?
-4
Let q(o) = o**2 - 4*o - 5. Let f = -36 - -41. Let z be f/((-210)/(-246)) - 2/(-14). Give q(z).
7
Let b(w) = w + 7. Suppose -i + 5 = 9. Let r be (i/(-6))/(1/3). Suppose r*j = 6*j. Calculate b(j).
7
Let f be (-36)/(-15)*(-170)/51. Let z(c) be the third derivative of c**5/60 + 7*c**4/24 + c**3/6 - c**2. Calculate z(f).
9
Let a(n) = -n**3 - 6*n**2 - 5*n + 3. Let l(h) = -h**2 + 6*h + 6. Let o be l(8). Let u be (o/3)/((-2)/(-3)). What is a(u)?
3
Let l(t) = -2*t**3 + 2*t**2 + t. Let d = 0 + -3. Let y be 4 + -9*(-3 - -4). Let p = d - y. Determine l(p).
-6
Let x(g) = -g**3 - 8*g**2 - 6*g + 1. Suppose -4*h = -12*h + 